{"id":22082,"date":"2025-04-17T18:00:00","date_gmt":"2025-04-17T22:00:00","guid":{"rendered":"https:\/\/aubergefestive.com\/?post_type=mec-events&#038;p=22082"},"modified":"2025-04-22T16:26:20","modified_gmt":"2025-04-22T20:26:20","slug":"opening-5-7-with-sebastien-emeraude","status":"publish","type":"mec-events","link":"https:\/\/aubergefestive.com\/en\/evenements\/opening-5-7-with-sebastien-emeraude\/","title":{"rendered":"OPENING 5 @ 7 WITH EMERAUDE S\u00c9BASTIEN"},"content":{"rendered":"\n<p>C\u2019est l\u2019ouverture de l\u2019ouverture! Venez profiter de notre superbe terrasse pour la premi\u00e8re fois de l&#8217;\u00e9t\u00e9 et ce en excellente compagnie! Artiste local de Mont Saint-Pierre, <strong>Emeraude S\u00e9bastien<\/strong> viendra vous rendre content d\u2019\u00eatre content que le Sea Shack soit rouvert pour une 22\u00e8me saison.<\/p>\n\n\n\n<p>\u00c0 la crois\u00e9e de la Folk et du Pop-Rock, <strong>Emeraude S\u00e9bastien<\/strong> nous touche par des paroles et des m\u00e9lodies nous menant au c\u0153ur de nous-m\u00eame. Artiste fi\u00e8rement Gasp\u00e9sien, il nous invite \u00e0 rencontrer ses compositions originales comme un plongeon en-rythm\u00e9 de vuln\u00e9rabilit\u00e9 et de paroles habit\u00e9es. Un instant capt\u00e9 de toute \u00e9ternit\u00e9. Une rencontre vivante et vibrante.<\/p>\n\n\n\n<p>Suivra plus tard dans la soir\u00e9e le spectacle de <strong>Confiture Maison<\/strong>.<br><\/p>\n\n\n\n<p><a href=\"https:\/\/emeraudesebastien.bandcamp.com\/album\/le-fleuve-qui-danse\" target=\"_blank\" rel=\"noreferrer noopener\">Pour \u00c9COUTER<\/a><\/p>\n\n\n\n<p><a href=\"https:\/\/www.youtube.com\/watch?v=RUbzpICI0g8\" target=\"_blank\" rel=\"noreferrer noopener\">Pour VOIR<\/a><\/p>\n\n\n\n<p><a href=\"https:\/\/www.facebook.com\/emeraude.sebastien\" target=\"_blank\" rel=\"noreferrer noopener\">FACEBOOK<\/a><\/p>\n\n\n\n<p><a href=\"https:\/\/www.instagram.com\/emeraudesebastien\/\" target=\"_blank\" rel=\"noreferrer noopener\">INSTAGRAM<\/a><\/p>","protected":false},"excerpt":{"rendered":"<p>C\u2019est l\u2019ouverture de l\u2019ouverture! Venez profiter de notre superbe terrasse pour la premi\u00e8re fois de l&#8217;\u00e9t\u00e9 et ce en excellente compagnie! Artiste local de Mont Saint-Pierre, Emeraude S\u00e9bastien viendra vous rendre content d\u2019\u00eatre content que le Sea Shack soit rouvert pour une 22\u00e8me saison. \u00c0 la crois\u00e9e de la Folk et du Pop-Rock, Emeraude S\u00e9bastien [&hellip;]<\/p>\n","protected":false},"author":3,"featured_media":21926,"comment_status":"closed","ping_status":"closed","template":"","tags":[],"mec_category":[],"class_list":["post-22082","mec-events","type-mec-events","status-publish","has-post-thumbnail","hentry"],"acf":[],"yoast_head":"<!-- This site is optimized with the Yoast SEO plugin v27.3 - https:\/\/yoast.com\/product\/yoast-seo-wordpress\/ -->\n<title>OPENING 5 @ 7 WITH EMERAUDE S\u00c9BASTIEN - Auberge Festive Sea Shack<\/title>\n<meta name=\"robots\" content=\"index, follow, max-snippet:-1, max-image-preview:large, max-video-preview:-1\" \/>\n<link rel=\"canonical\" href=\"https:\/\/aubergefestive.com\/en\/evenements\/opening-5-7-with-sebastien-emeraude\/\" \/>\n<meta property=\"og:locale\" content=\"en_US\" \/>\n<meta property=\"og:type\" content=\"article\" \/>\n<meta property=\"og:title\" content=\"OPENING 5 @ 7 WITH EMERAUDE S\u00c9BASTIEN - Auberge Festive Sea Shack\" \/>\n<meta property=\"og:description\" content=\"C\u2019est l\u2019ouverture de l\u2019ouverture! Venez profiter de notre superbe terrasse pour la premi\u00e8re fois de l&#8217;\u00e9t\u00e9 et ce en excellente compagnie! Artiste local de Mont Saint-Pierre, Emeraude S\u00e9bastien viendra vous rendre content d\u2019\u00eatre content que le Sea Shack soit rouvert pour une 22\u00e8me saison. \u00c0 la crois\u00e9e de la Folk et du Pop-Rock, Emeraude S\u00e9bastien [&hellip;]\" \/>\n<meta property=\"og:url\" content=\"https:\/\/aubergefestive.com\/en\/evenements\/opening-5-7-with-sebastien-emeraude\/\" \/>\n<meta property=\"og:site_name\" content=\"Auberge Festive Sea Shack\" \/>\n<meta property=\"article:modified_time\" content=\"2025-04-22T20:26:20+00:00\" \/>\n<meta property=\"og:image\" content=\"https:\/\/auberge-seashack.s3.bhs.io.cloud.ovh.net\/2025\/04\/evenement-fb1-emeraude-sebastien.jpg\" \/>\n\t<meta property=\"og:image:width\" content=\"1920\" \/>\n\t<meta property=\"og:image:height\" content=\"1080\" \/>\n\t<meta property=\"og:image:type\" content=\"image\/jpeg\" \/>\n<meta name=\"twitter:card\" content=\"summary_large_image\" \/>\n<meta name=\"twitter:label1\" content=\"Est. reading time\" \/>\n\t<meta name=\"twitter:data1\" content=\"1 minute\" \/>\n<script type=\"application\/ld+json\" class=\"yoast-schema-graph\">{\"@context\":\"https:\\\/\\\/schema.org\",\"@graph\":[{\"@type\":\"WebPage\",\"@id\":\"https:\\\/\\\/aubergefestive.com\\\/en\\\/evenements\\\/opening-5-7-with-sebastien-emeraude\\\/\",\"url\":\"https:\\\/\\\/aubergefestive.com\\\/en\\\/evenements\\\/opening-5-7-with-sebastien-emeraude\\\/\",\"name\":\"OPENING 5 @ 7 WITH EMERAUDE S\u00c9BASTIEN - Auberge Festive Sea Shack\",\"isPartOf\":{\"@id\":\"https:\\\/\\\/aubergefestive.com\\\/en\\\/#website\"},\"primaryImageOfPage\":{\"@id\":\"https:\\\/\\\/aubergefestive.com\\\/en\\\/evenements\\\/opening-5-7-with-sebastien-emeraude\\\/#primaryimage\"},\"image\":{\"@id\":\"https:\\\/\\\/aubergefestive.com\\\/en\\\/evenements\\\/opening-5-7-with-sebastien-emeraude\\\/#primaryimage\"},\"thumbnailUrl\":\"https:\\\/\\\/auberge-seashack.s3.bhs.io.cloud.ovh.net\\\/2025\\\/04\\\/evenement-fb1-emeraude-sebastien.jpg\",\"datePublished\":\"2025-04-17T22:00:00+00:00\",\"dateModified\":\"2025-04-22T20:26:20+00:00\",\"breadcrumb\":{\"@id\":\"https:\\\/\\\/aubergefestive.com\\\/en\\\/evenements\\\/opening-5-7-with-sebastien-emeraude\\\/#breadcrumb\"},\"inLanguage\":\"en-US\",\"potentialAction\":[{\"@type\":\"ReadAction\",\"target\":[\"https:\\\/\\\/aubergefestive.com\\\/en\\\/evenements\\\/opening-5-7-with-sebastien-emeraude\\\/\"]}]},{\"@type\":\"ImageObject\",\"inLanguage\":\"en-US\",\"@id\":\"https:\\\/\\\/aubergefestive.com\\\/en\\\/evenements\\\/opening-5-7-with-sebastien-emeraude\\\/#primaryimage\",\"url\":\"https:\\\/\\\/auberge-seashack.s3.bhs.io.cloud.ovh.net\\\/2025\\\/04\\\/evenement-fb1-emeraude-sebastien.jpg\",\"contentUrl\":\"https:\\\/\\\/auberge-seashack.s3.bhs.io.cloud.ovh.net\\\/2025\\\/04\\\/evenement-fb1-emeraude-sebastien.jpg\",\"width\":1920,\"height\":1080},{\"@type\":\"BreadcrumbList\",\"@id\":\"https:\\\/\\\/aubergefestive.com\\\/en\\\/evenements\\\/opening-5-7-with-sebastien-emeraude\\\/#breadcrumb\",\"itemListElement\":[{\"@type\":\"ListItem\",\"position\":1,\"name\":\"Home\",\"item\":\"https:\\\/\\\/aubergefestive.com\\\/en\\\/\"},{\"@type\":\"ListItem\",\"position\":2,\"name\":\"OPENING 5 @ 7 WITH EMERAUDE S\u00c9BASTIEN\"}]},{\"@type\":\"WebSite\",\"@id\":\"https:\\\/\\\/aubergefestive.com\\\/en\\\/#website\",\"url\":\"https:\\\/\\\/aubergefestive.com\\\/en\\\/\",\"name\":\"Auberge Festive Sea Shack\",\"description\":\"\",\"publisher\":{\"@id\":\"https:\\\/\\\/aubergefestive.com\\\/en\\\/#organization\"},\"potentialAction\":[{\"@type\":\"SearchAction\",\"target\":{\"@type\":\"EntryPoint\",\"urlTemplate\":\"https:\\\/\\\/aubergefestive.com\\\/en\\\/?s={search_term_string}\"},\"query-input\":{\"@type\":\"PropertyValueSpecification\",\"valueRequired\":true,\"valueName\":\"search_term_string\"}}],\"inLanguage\":\"en-US\"},{\"@type\":\"Organization\",\"@id\":\"https:\\\/\\\/aubergefestive.com\\\/en\\\/#organization\",\"name\":\"Auberge Festive Sea Shack\",\"url\":\"https:\\\/\\\/aubergefestive.com\\\/en\\\/\",\"logo\":{\"@type\":\"ImageObject\",\"inLanguage\":\"en-US\",\"@id\":\"https:\\\/\\\/aubergefestive.com\\\/en\\\/#\\\/schema\\\/logo\\\/image\\\/\",\"url\":\"https:\\\/\\\/auberge-seashack.s3.bhs.io.cloud.ovh.net\\\/2024\\\/04\\\/sea-shack-logo-smo.jpg\",\"contentUrl\":\"https:\\\/\\\/auberge-seashack.s3.bhs.io.cloud.ovh.net\\\/2024\\\/04\\\/sea-shack-logo-smo.jpg\",\"width\":696,\"height\":696,\"caption\":\"Auberge Festive Sea Shack\"},\"image\":{\"@id\":\"https:\\\/\\\/aubergefestive.com\\\/en\\\/#\\\/schema\\\/logo\\\/image\\\/\"}}]}<\/script>\n<!-- \/ Yoast SEO plugin. -->","yoast_head_json":{"title":"OPENING 5 @ 7 WITH EMERAUDE S\u00c9BASTIEN - Auberge Festive Sea Shack","robots":{"index":"index","follow":"follow","max-snippet":"max-snippet:-1","max-image-preview":"max-image-preview:large","max-video-preview":"max-video-preview:-1"},"canonical":"https:\/\/aubergefestive.com\/en\/evenements\/opening-5-7-with-sebastien-emeraude\/","og_locale":"en_US","og_type":"article","og_title":"OPENING 5 @ 7 WITH EMERAUDE S\u00c9BASTIEN - Auberge Festive Sea Shack","og_description":"C\u2019est l\u2019ouverture de l\u2019ouverture! Venez profiter de notre superbe terrasse pour la premi\u00e8re fois de l&#8217;\u00e9t\u00e9 et ce en excellente compagnie! Artiste local de Mont Saint-Pierre, Emeraude S\u00e9bastien viendra vous rendre content d\u2019\u00eatre content que le Sea Shack soit rouvert pour une 22\u00e8me saison. \u00c0 la crois\u00e9e de la Folk et du Pop-Rock, Emeraude S\u00e9bastien [&hellip;]","og_url":"https:\/\/aubergefestive.com\/en\/evenements\/opening-5-7-with-sebastien-emeraude\/","og_site_name":"Auberge Festive Sea Shack","article_modified_time":"2025-04-22T20:26:20+00:00","og_image":[{"width":1920,"height":1080,"url":"https:\/\/auberge-seashack.s3.bhs.io.cloud.ovh.net\/2025\/04\/evenement-fb1-emeraude-sebastien.jpg","type":"image\/jpeg"}],"twitter_card":"summary_large_image","twitter_misc":{"Est. reading time":"1 minute"},"schema":{"@context":"https:\/\/schema.org","@graph":[{"@type":"WebPage","@id":"https:\/\/aubergefestive.com\/en\/evenements\/opening-5-7-with-sebastien-emeraude\/","url":"https:\/\/aubergefestive.com\/en\/evenements\/opening-5-7-with-sebastien-emeraude\/","name":"OPENING 5 @ 7 WITH EMERAUDE S\u00c9BASTIEN - Auberge Festive Sea Shack","isPartOf":{"@id":"https:\/\/aubergefestive.com\/en\/#website"},"primaryImageOfPage":{"@id":"https:\/\/aubergefestive.com\/en\/evenements\/opening-5-7-with-sebastien-emeraude\/#primaryimage"},"image":{"@id":"https:\/\/aubergefestive.com\/en\/evenements\/opening-5-7-with-sebastien-emeraude\/#primaryimage"},"thumbnailUrl":"https:\/\/auberge-seashack.s3.bhs.io.cloud.ovh.net\/2025\/04\/evenement-fb1-emeraude-sebastien.jpg","datePublished":"2025-04-17T22:00:00+00:00","dateModified":"2025-04-22T20:26:20+00:00","breadcrumb":{"@id":"https:\/\/aubergefestive.com\/en\/evenements\/opening-5-7-with-sebastien-emeraude\/#breadcrumb"},"inLanguage":"en-US","potentialAction":[{"@type":"ReadAction","target":["https:\/\/aubergefestive.com\/en\/evenements\/opening-5-7-with-sebastien-emeraude\/"]}]},{"@type":"ImageObject","inLanguage":"en-US","@id":"https:\/\/aubergefestive.com\/en\/evenements\/opening-5-7-with-sebastien-emeraude\/#primaryimage","url":"https:\/\/auberge-seashack.s3.bhs.io.cloud.ovh.net\/2025\/04\/evenement-fb1-emeraude-sebastien.jpg","contentUrl":"https:\/\/auberge-seashack.s3.bhs.io.cloud.ovh.net\/2025\/04\/evenement-fb1-emeraude-sebastien.jpg","width":1920,"height":1080},{"@type":"BreadcrumbList","@id":"https:\/\/aubergefestive.com\/en\/evenements\/opening-5-7-with-sebastien-emeraude\/#breadcrumb","itemListElement":[{"@type":"ListItem","position":1,"name":"Home","item":"https:\/\/aubergefestive.com\/en\/"},{"@type":"ListItem","position":2,"name":"OPENING 5 @ 7 WITH EMERAUDE S\u00c9BASTIEN"}]},{"@type":"WebSite","@id":"https:\/\/aubergefestive.com\/en\/#website","url":"https:\/\/aubergefestive.com\/en\/","name":"Auberge Festive Sea Shack","description":"","publisher":{"@id":"https:\/\/aubergefestive.com\/en\/#organization"},"potentialAction":[{"@type":"SearchAction","target":{"@type":"EntryPoint","urlTemplate":"https:\/\/aubergefestive.com\/en\/?s={search_term_string}"},"query-input":{"@type":"PropertyValueSpecification","valueRequired":true,"valueName":"search_term_string"}}],"inLanguage":"en-US"},{"@type":"Organization","@id":"https:\/\/aubergefestive.com\/en\/#organization","name":"Auberge Festive Sea Shack","url":"https:\/\/aubergefestive.com\/en\/","logo":{"@type":"ImageObject","inLanguage":"en-US","@id":"https:\/\/aubergefestive.com\/en\/#\/schema\/logo\/image\/","url":"https:\/\/auberge-seashack.s3.bhs.io.cloud.ovh.net\/2024\/04\/sea-shack-logo-smo.jpg","contentUrl":"https:\/\/auberge-seashack.s3.bhs.io.cloud.ovh.net\/2024\/04\/sea-shack-logo-smo.jpg","width":696,"height":696,"caption":"Auberge Festive Sea Shack"},"image":{"@id":"https:\/\/aubergefestive.com\/en\/#\/schema\/logo\/image\/"}}]}},"_links":{"self":[{"href":"https:\/\/aubergefestive.com\/en\/wp-json\/wp\/v2\/mec-events\/22082","targetHints":{"allow":["GET"]}}],"collection":[{"href":"https:\/\/aubergefestive.com\/en\/wp-json\/wp\/v2\/mec-events"}],"about":[{"href":"https:\/\/aubergefestive.com\/en\/wp-json\/wp\/v2\/types\/mec-events"}],"author":[{"embeddable":true,"href":"https:\/\/aubergefestive.com\/en\/wp-json\/wp\/v2\/users\/3"}],"replies":[{"embeddable":true,"href":"https:\/\/aubergefestive.com\/en\/wp-json\/wp\/v2\/comments?post=22082"}],"wp:featuredmedia":[{"embeddable":true,"href":"https:\/\/aubergefestive.com\/en\/wp-json\/wp\/v2\/media\/21926"}],"wp:attachment":[{"href":"https:\/\/aubergefestive.com\/en\/wp-json\/wp\/v2\/media?parent=22082"}],"wp:term":[{"taxonomy":"post_tag","embeddable":true,"href":"https:\/\/aubergefestive.com\/en\/wp-json\/wp\/v2\/tags?post=22082"},{"taxonomy":"mec_category","embeddable":true,"href":"https:\/\/aubergefestive.com\/en\/wp-json\/wp\/v2\/mec_category?post=22082"}],"curies":[{"name":"wp","href":"https:\/\/api.w.org\/{rel}","templated":true}]}}

OPENING 5 @ 7 WITH EMERAUDE SÉBASTIEN

<p>C’est l’ouverture de l’ouverture! Venez profiter de notre superbe terrasse pour la première fois de l&#8217;été et ce en excellente compagnie! Artiste local de Mont Saint-Pierre, <strong>Emeraude Sébastien</strong> viendra vous rendre content d’être content que le Sea Shack soit rouvert pour une 22ème saison.</p>



<p>À la croisée de la Folk et du Pop-Rock, <strong>Emeraude Sébastien</strong> nous touche par des paroles et des mélodies nous menant au cœur de nous-même. Artiste fièrement Gaspésien, il nous invite à rencontrer ses compositions originales comme un plongeon en-rythmé de vulnérabilité et de paroles habitées. Un instant capté de toute éternité. Une rencontre vivante et vibrante.</p>



<p>Suivra plus tard dans la soirée le spectacle de <strong>Confiture Maison</strong>.<br></p>



<p><a href="https://emeraudesebastien.bandcamp.com/album/le-fleuve-qui-danse" target="_blank" rel="noreferrer noopener">Pour ÉCOUTER</a></p>



<p><a href="https://www.youtube.com/watch?v=RUbzpICI0g8" target="_blank" rel="noreferrer noopener">Pour VOIR</a></p>



<p><a href="https://www.facebook.com/emeraude.sebastien" target="_blank" rel="noreferrer noopener">FACEBOOK</a></p>



<p><a href="https://www.instagram.com/emeraudesebastien/" target="_blank" rel="noreferrer noopener">INSTAGRAM</a></p>

<p>C’est l’ouverture de l’ouverture! Venez profiter de notre superbe terrasse pour la première fois de l&#8217;été et ce en excellente compagnie! Artiste local de Mont Saint-Pierre, Emeraude Sébastien viendra vous rendre content d’être content que le Sea Shack soit rouvert pour une 22ème saison. À la croisée de la Folk et du Pop-Rock, Emeraude Sébastien [&hellip;]</p>

<!-- This site is optimized with the Yoast SEO plugin v27.3 - https://yoast.com/product/yoast-seo-wordpress/ -->
<title>OPENING 5 @ 7 WITH EMERAUDE SÉBASTIEN - Auberge Festive Sea Shack</title>
<meta name="robots" content="index, follow, max-snippet:-1, max-image-preview:large, max-video-preview:-1" />
<link rel="canonical" href="https://aubergefestive.com/en/evenements/opening-5-7-with-sebastien-emeraude/" />
<meta property="og:locale" content="en_US" />
<meta property="og:type" content="article" />
<meta property="og:title" content="OPENING 5 @ 7 WITH EMERAUDE SÉBASTIEN - Auberge Festive Sea Shack" />
<meta property="og:description" content="C’est l’ouverture de l’ouverture! Venez profiter de notre superbe terrasse pour la première fois de l&#8217;été et ce en excellente compagnie! Artiste local de Mont Saint-Pierre, Emeraude Sébastien viendra vous rendre content d’être content que le Sea Shack soit rouvert pour une 22ème saison. À la croisée de la Folk et du Pop-Rock, Emeraude Sébastien [&hellip;]" />
<meta property="og:url" content="https://aubergefestive.com/en/evenements/opening-5-7-with-sebastien-emeraude/" />
<meta property="og:site_name" content="Auberge Festive Sea Shack" />
<meta property="article:modified_time" content="2025-04-22T20:26:20+00:00" />
<meta property="og:image" content="https://auberge-seashack.s3.bhs.io.cloud.ovh.net/2025/04/evenement-fb1-emeraude-sebastien.jpg" />
	<meta property="og:image:width" content="1920" />
	<meta property="og:image:height" content="1080" />
	<meta property="og:image:type" content="image/jpeg" />
<meta name="twitter:card" content="summary_large_image" />
<meta name="twitter:label1" content="Est. reading time" />
	<meta name="twitter:data1" content="1 minute" />
<script type="application/ld+json" class="yoast-schema-graph">{"@context":"https:\/\/schema.org","@graph":[{"@type":"WebPage","@id":"https:\/\/aubergefestive.com\/en\/evenements\/opening-5-7-with-sebastien-emeraude\/","url":"https:\/\/aubergefestive.com\/en\/evenements\/opening-5-7-with-sebastien-emeraude\/","name":"OPENING 5 @ 7 WITH EMERAUDE SÉBASTIEN - Auberge Festive Sea Shack","isPartOf":{"@id":"https:\/\/aubergefestive.com\/en\/#website"},"primaryImageOfPage":{"@id":"https:\/\/aubergefestive.com\/en\/evenements\/opening-5-7-with-sebastien-emeraude\/#primaryimage"},"image":{"@id":"https:\/\/aubergefestive.com\/en\/evenements\/opening-5-7-with-sebastien-emeraude\/#primaryimage"},"thumbnailUrl":"https:\/\/auberge-seashack.s3.bhs.io.cloud.ovh.net\/2025\/04\/evenement-fb1-emeraude-sebastien.jpg","datePublished":"2025-04-17T22:00:00+00:00","dateModified":"2025-04-22T20:26:20+00:00","breadcrumb":{"@id":"https:\/\/aubergefestive.com\/en\/evenements\/opening-5-7-with-sebastien-emeraude\/#breadcrumb"},"inLanguage":"en-US","potentialAction":[{"@type":"ReadAction","target":["https:\/\/aubergefestive.com\/en\/evenements\/opening-5-7-with-sebastien-emeraude\/"]}]},{"@type":"ImageObject","inLanguage":"en-US","@id":"https:\/\/aubergefestive.com\/en\/evenements\/opening-5-7-with-sebastien-emeraude\/#primaryimage","url":"https:\/\/auberge-seashack.s3.bhs.io.cloud.ovh.net\/2025\/04\/evenement-fb1-emeraude-sebastien.jpg","contentUrl":"https:\/\/auberge-seashack.s3.bhs.io.cloud.ovh.net\/2025\/04\/evenement-fb1-emeraude-sebastien.jpg","width":1920,"height":1080},{"@type":"BreadcrumbList","@id":"https:\/\/aubergefestive.com\/en\/evenements\/opening-5-7-with-sebastien-emeraude\/#breadcrumb","itemListElement":[{"@type":"ListItem","position":1,"name":"Home","item":"https:\/\/aubergefestive.com\/en\/"},{"@type":"ListItem","position":2,"name":"OPENING 5 @ 7 WITH EMERAUDE SÉBASTIEN"}]},{"@type":"WebSite","@id":"https:\/\/aubergefestive.com\/en\/#website","url":"https:\/\/aubergefestive.com\/en\/","name":"Auberge Festive Sea Shack","description":"","publisher":{"@id":"https:\/\/aubergefestive.com\/en\/#organization"},"potentialAction":[{"@type":"SearchAction","target":{"@type":"EntryPoint","urlTemplate":"https:\/\/aubergefestive.com\/en\/?s={search_term_string}"},"query-input":{"@type":"PropertyValueSpecification","valueRequired":true,"valueName":"search_term_string"}}],"inLanguage":"en-US"},{"@type":"Organization","@id":"https:\/\/aubergefestive.com\/en\/#organization","name":"Auberge Festive Sea Shack","url":"https:\/\/aubergefestive.com\/en\/","logo":{"@type":"ImageObject","inLanguage":"en-US","@id":"https:\/\/aubergefestive.com\/en\/#\/schema\/logo\/image\/","url":"https:\/\/auberge-seashack.s3.bhs.io.cloud.ovh.net\/2024\/04\/sea-shack-logo-smo.jpg","contentUrl":"https:\/\/auberge-seashack.s3.bhs.io.cloud.ovh.net\/2024\/04\/sea-shack-logo-smo.jpg","width":696,"height":696,"caption":"Auberge Festive Sea Shack"},"image":{"@id":"https:\/\/aubergefestive.com\/en\/#\/schema\/logo\/image\/"}}]}</script>
<!-- / Yoast SEO plugin. -->

OPENING 5 @ 7 WITH EMERAUDE SÉBASTIEN - Auberge Festive Sea Shack

C’est l’ouverture de l’ouverture! Venez profiter de notre superbe terrasse pour la première fois de l&#8217;été et ce en excellente compagnie! Artiste local de Mont Saint-Pierre, Emeraude Sébastien viendra vous rendre content d’être content que le Sea Shack soit rouvert pour une 22ème saison. À la croisée de la Folk et du Pop-Rock, Emeraude Sébastien [&hellip;]
